{"version":"1.0","provider_name":"Hypharm","provider_url":"https:\/\/hypharm.fr\/it\/","author_name":"Alex Bechu","author_url":"https:\/\/hypharm.fr\/it\/author\/alex\/","title":"LA GESTI\u00d3N DEL PERIODO ESTIVAL - Hypharm","type":"rich","width":600,"height":338,"html":"<blockquote class=\"wp-embedded-content\" data-secret=\"ZxOtVsxSdH\"><a href=\"https:\/\/hypharm.fr\/it\/actu\/la-gestion-del-periodo-estival\/\">LA GESTI\u00d3N DEL PERIODO ESTIVAL<\/a><\/blockquote><iframe sandbox=\"allow-scripts\" security=\"restricted\" src=\"https:\/\/hypharm.fr\/it\/actu\/la-gestion-del-periodo-estival\/embed\/#?secret=ZxOtVsxSdH\" width=\"600\" height=\"338\" title=\"&#8220;LA GESTI\u00d3N DEL PERIODO ESTIVAL&#8221; &#8212; Hypharm\" data-secret=\"ZxOtVsxSdH\" frameborder=\"0\" marginwidth=\"0\" marginheight=\"0\" scrolling=\"no\" class=\"wp-embedded-content\"><\/iframe><script type=\"text\/javascript\">\n\/* <![CDATA[ *\/\n\/*! This file is auto-generated *\/\n!function(d,l){\"use strict\";l.querySelector&&d.addEventListener&&\"undefined\"!=typeof URL&&(d.wp=d.wp||{},d.wp.receiveEmbedMessage||(d.wp.receiveEmbedMessage=function(e){var t=e.data;if((t||t.secret||t.message||t.value)&&!\/[^a-zA-Z0-9]\/.test(t.secret)){for(var s,r,n,a=l.querySelectorAll('iframe[data-secret=\"'+t.secret+'\"]'),o=l.querySelectorAll('blockquote[data-secret=\"'+t.secret+'\"]'),c=new RegExp(\"^https?:$\",\"i\"),i=0;i<o.length;i++)o[i].style.display=\"none\";for(i=0;i<a.length;i++)s=a[i],e.source===s.contentWindow&&(s.removeAttribute(\"style\"),\"height\"===t.message?(1e3<(r=parseInt(t.value,10))?r=1e3:~~r<200&&(r=200),s.height=r):\"link\"===t.message&&(r=new URL(s.getAttribute(\"src\")),n=new URL(t.value),c.test(n.protocol))&&n.host===r.host&&l.activeElement===s&&(d.top.location.href=t.value))}},d.addEventListener(\"message\",d.wp.receiveEmbedMessage,!1),l.addEventListener(\"DOMContentLoaded\",function(){for(var e,t,s=l.querySelectorAll(\"iframe.wp-embedded-content\"),r=0;r<s.length;r++)(t=(e=s[r]).getAttribute(\"data-secret\"))||(t=Math.random().toString(36).substring(2,12),e.src+=\"#?secret=\"+t,e.setAttribute(\"data-secret\",t)),e.contentWindow.postMessage({message:\"ready\",secret:t},\"*\")},!1)))}(window,document);\n\/* ]]> *\/\n<\/script>\n","thumbnail_url":"https:\/\/hypharm.fr\/wp-content\/uploads\/2023\/04\/gestion-periode-estivale-hyp.jpg","thumbnail_width":1370,"thumbnail_height":771,"description":"En verano, el calor y la humedad pueden provocar estr\u00e9s t\u00e9rmico en los conejos, que combatir\u00e1n el calor respirando con agitaci\u00f3n y dilatando los vasos de sus orejas para eliminar el calor latente. El organismo del animal est\u00e1, por tanto, sometido a un gran esfuerzo. Durante este periodo, el consumo de pienso disminuye de forma [&hellip;]"}

LA GESTIÓN DEL PERIODO ESTIVAL - Hypharm

<blockquote class="wp-embedded-content" data-secret="ZxOtVsxSdH"><a href="https://hypharm.fr/it/actu/la-gestion-del-periodo-estival/">LA GESTIÓN DEL PERIODO ESTIVAL</a></blockquote><iframe sandbox="allow-scripts" security="restricted" src="https://hypharm.fr/it/actu/la-gestion-del-periodo-estival/embed/#?secret=ZxOtVsxSdH" width="600" height="338" title="&#8220;LA GESTIÓN DEL PERIODO ESTIVAL&#8221; &#8212; Hypharm" data-secret="ZxOtVsxSdH" frameborder="0" marginwidth="0" marginheight="0" scrolling="no" class="wp-embedded-content"></iframe><script type="text/javascript">
/* <![CDATA[ */
/*! This file is auto-generated */
!function(d,l){"use strict";l.querySelector&&d.addEventListener&&"undefined"!=typeof URL&&(d.wp=d.wp||{},d.wp.receiveEmbedMessage||(d.wp.receiveEmbedMessage=function(e){var t=e.data;if((t||t.secret||t.message||t.value)&&!/[^a-zA-Z0-9]/.test(t.secret)){for(var s,r,n,a=l.querySelectorAll('iframe[data-secret="'+t.secret+'"]'),o=l.querySelectorAll('blockquote[data-secret="'+t.secret+'"]'),c=new RegExp("^https?:$","i"),i=0;i<o.length;i++)o[i].style.display="none";for(i=0;i<a.length;i++)s=a[i],e.source===s.contentWindow&&(s.removeAttribute("style"),"height"===t.message?(1e3<(r=parseInt(t.value,10))?r=1e3:~~r<200&&(r=200),s.height=r):"link"===t.message&&(r=new URL(s.getAttribute("src")),n=new URL(t.value),c.test(n.protocol))&&n.host===r.host&&l.activeElement===s&&(d.top.location.href=t.value))}},d.addEventListener("message",d.wp.receiveEmbedMessage,!1),l.addEventListener("DOMContentLoaded",function(){for(var e,t,s=l.querySelectorAll("iframe.wp-embedded-content"),r=0;r<s.length;r++)(t=(e=s[r]).getAttribute("data-secret"))||(t=Math.random().toString(36).substring(2,12),e.src+="#?secret="+t,e.setAttribute("data-secret",t)),e.contentWindow.postMessage({message:"ready",secret:t},"*")},!1)))}(window,document);
/* ]]> */
</script>

En verano, el calor y la humedad pueden provocar estrés térmico en los conejos, que combatirán el calor respirando con agitación y dilatando los vasos de sus orejas para eliminar el calor latente. El organismo del animal está, por tanto, sometido a un gran esfuerzo. Durante este periodo, el consumo de pienso disminuye de forma [&hellip;]
